 55 + 71. What is the highest common divisor of a and b?
7
Let a be ((-325)/30 + (5 - 248/48))/(-1). Suppose -c = 4*c + 215. Let x = c - -76. What is the greatest common factor of a and x?
11
Let m = 767 + -749. Suppose -m*h - 2*h + 5040 = 0. Calculate the greatest common factor of h and 28.
28
Let o(t) = -5*t**3 + 13*t**2 + 45 - t**3 + 5*t + 5*t**3 - 2*t. Let i be o(13). Let y = -64 + i. Calculate the greatest common factor of y and 260.
20
Let b be (28/(-10) - -2) + -4 + 9968/10. Calculate the greatest common divisor of 124 and b.
124
Let z(m) = -m**3 - m**2. Let p(x) = 5*x**3 + 18*x**2 + 24*x - 38. Let n(s) = -p(s) - 4*z(s). Let k be n(-12). Calculate the highest common divisor of 418 and k.
38
Suppose 3*v = 5*k - 28909, -208*k + 210*k = -4*v + 11600. Calculate the greatest common divisor of 22 and k.
22
Let q be ((-99)/66)/((-9)/168). Suppose 0 = -4*s - 2*c + 794, -3*s + c + 1 = -582. What is the greatest common factor of s and q?
28
Let b be (-1 - -5)*1155/70. Calculate the highest common factor of 2750 and b.
22
Let d(c) = 74*c**2 + 1. Let t be d(2). Suppose 0 = 5*z - o - 158, 5*o - o = 4*z - 104. What is the greatest common divisor of t and z?
33
Let d(o) = o**2 + 10*o - 23. Let i be d(-18). Suppose i = 2*u - 23. What is the greatest common divisor of u and 36?
36
Let u be (-10 - 294/(-28))*202. What is the greatest common divisor of u and 4141?
101
Suppose 0 = -22*g - 694 + 1032 + 4216. What is the highest common factor of 90 and g?
9
Let y(c) = c**2 - 4*c + 3. Let i be y(3). Let d be (i - 2 - 0)*-2. Let z be ((-329)/141)/((-56)/288). What is the highest common divisor of z and d?
4
Let o(j) = 3*j + 4. Let d be o(3). Let p be 4393/184 - 2/(-16). Suppose p*m = 18*m + 858. What is the greatest common factor of m and d?
13
Suppose -7*h - 7441 = -7448. Let g = -3 + 5. Suppose -g*f = 2*f - 4. What is the highest common factor of f and h?
1
Suppose -23*q + 54*q - 177*q = -597724. What is the highest common factor of 92 and q?
46
Suppose -28 = -5*i - v - v, -i - 4*v = -20. Let c be -8*(-3 - (-8)/i). Let q be (35 + -34)/(-1 - (-33)/32). What is the greatest common divisor of c and q?
8
Let h = -6 - -51. Let u be 220*((-10 - -21)/(-11) - 35/(-20)). What is the greatest common factor of h and u?
15
Let m(k) = k**2 - 10*k - 26. Let s be 28/4 - (2 - -9). Let r be m(s). Calculate the greatest common divisor of 40 and r.
10
Let t be -12*(-8)/32 - 2. Let w be 133*t/6 + (-3)/18. Calculate the greatest common divisor of w and 143.
11
Let d be (7 - (2 + 3 + 2)) + 2. Let f be 2/1 - 5*-2. Let v be d/3 + 52/f. What is the highest common divisor of 40 and v?
5
Let u(q) = q**2 - 12*q + 7. Let l be u(8). Let a be (84/5)/(20/l + 1). What is the greatest common divisor of 14 and a?
14
Suppose -16*f + 17*f - 10 = 0. Suppose 0 = 2*x + 2*s + 160, 370 + 75 = -5*x + 4*s. Let a = -35 - x. What is the highest common factor of f and a?
10
Suppose -21353*w + 44114 = -21339*w. Calculate the highest common factor of 46 and w.
23
Suppose -2*r + 576 = 3*l, -2*l + 2*r + 195 = -169. What is the highest common divisor of l and 12?
4
Let p(s) = 216*s**2 + 9*s + 98. Let j be p(-7). Suppose 33*h - j = 10798. What is the greatest common factor of h and 11?
11
Let l(w) = -w**3 + 6*w**2 + 3*w + 9. Let r = 18 + -12. Let u be l(r). Suppose -3*c - 2 = 10, -5*c + 250 = 2*h. What is the greatest common divisor of h and u?
27
Let k = 1582 - 1471. Let x be (4 + 5)*(-2 + (-7)/(-3)). What is the greatest common factor of k and x?
3
Let f = -12701 - -12939. Let z(w) = w**2 - 3*w - 3. Let r be z(-2). What is the greatest common divisor of r and f?
7
Let k be (0 + (3 - -5))*(-16)/(-64). Let g(l) = -2*l - 1. Let a be g(2). Let w be (k - (-40)/(-25)) + (-308)/a. What is the highest common divisor of w and 155?
31
Let l(d) = -2*d**2 - 21*d + 40. Let s be l(-12). Suppose s*t + 47 = 207. What is the greatest common divisor of 80 and t?
40
Suppose 419*j = 424*j - 6960. Calculate the greatest common divisor of 48 and j.
48
Let x(i) = -16*i**3 + 4. Let h be x(2). Let o = h - -180. Calculate the highest common divisor of 28 and o.
28
Suppose -5*f = 3*t - 420, -t = -3*f - 21 + 273. Suppose -298*b + 297*b + 186 = 0. Let c = 207 - b. Calculate the highest common factor of c and f.
21
Suppose 768 = 35*w + 418. Calculate the greatest common factor of 58 and w.
2
Let u be 7/(-4) + (199/4 - 2). Suppose -i + 690 = 5*i. What is the highest common factor of u and i?
23
Let h(n) = -n**2 + 13*n + 5. Let j be h(11). Let c be (-178)/(-9) + (-2)/j*-3. Let d = c - 9. What is the highest common divisor of 110 and d?
11
Let u(q) = 620*q**2 - 108*q - 4. Let a be u(9). What is the highest common divisor of 13 and a?
13
Let q be 59 + -2*4/(-24)*-21. Suppose c = -3*g - 19, -4*c + g + 13 = -5*c. Let s be c/25 + (-134)/(-10). Calculate the highest common divisor of q and s.
13
Suppose 570 = 10*t - 1125 - 2025. Calculate the highest common divisor of t and 1953.
93
Let f = 186 + -58. Suppose 10*n - f = 2*n. Let o be 18/10 + 0 - 6/(-30). Calculate the greatest common factor of o and n.
2
Suppose -4*y + 2*y + 6 = 0. Suppose 5*z = -y*i + 251, -3*z - 475 = -i - 4*i. What is the highest common divisor of i and 4?
4
Suppose 11*g + 59 + 293 = 0. Let y = g - -34. Suppose -2*z + 52 = -y*k, 24 = -3*z + 2*k + 100. Calculate the highest common factor of 32 and z.
8
Let h = 5928 - 3434. Let c be h/16 + (-5)/(-40). What is the highest common divisor of c and 12?
12
Suppose 2*o + 585276 = 14*o + 5*o. What is the highest common factor of o and 228?
228
Let r = 150 - 115. Let z = 1689 + -744. Suppose -5*p + z = -2*p. Calculate the highest common divisor of r and p.
35
Let b(k) = 16*k. Let y be b(2). Let x = -321 - -340. Suppose -2*p + 13 = -x. What is the highest common divisor of p and y?
16
Let k be 22/(-77)*7*18/12. Let q = -34 + 22. Let b be k + 4 - 2*q. What is the highest common divisor of 10 and b?
5
Suppose j - 5*d = 18, 3 = -4*j - 3*d - 2*d. Let q = -3 - j. Let s be (-2 - (4 - -2))/(q/9). Calculate the greatest common factor of 84 and s.
12
Let t = -6815 - -6881. Calculate the highest common factor of 9482 and t.
22
Suppose 4*b + 4*w - 56 = 0, -3*w = -6*b + 2*b + 28. Suppose 5*j = 3*p - 0*j - 49, -b = 2*j. Calculate the greatest common factor of p and 1.
1
Let x = -2142 - -5244. Let i be 2/7 - x/(-462). What is the greatest common divisor of i and 13?
1
Let f = -149 - -154. Suppose 0 = -2*d + 7*d - 5*i, 2*d = f*i - 9. Let u(g) = g + 12. Let h be u(-7). What is the greatest common factor of d and h?
1
Let p(b) = -b**2 - 482*b - 12692. Let l be p(-28). What is the highest common factor of l and 5315?
5
Suppose 2*o = 7*a - 8*a + 18, -3*a + 34 = o. Let j be (-6)/(-2 + (-1011)/(-510)). What is the highest common divisor of j and a?
10
Let g(m) = -643*m - 364. Let a be g(-14). Calculate the greatest common factor of a and 28.
14
Suppose -62*s = -123132 - 1338270. Calculate the greatest common factor of 582 and s.
291
Let v(p) = -6*p**3 + 2*p**2 + 4*p + 3. Let c be v(-4). Let f be ((-495)/(-77) - 7)*637/42*-3. What is the highest common factor of f and c?
13
Suppose -3*g = -5*c + 6099, 4*g = 4*c + 2*g - 4878. Calculate the highest common factor of c and 1566.
174
Let d be (-6 - ((-2351)/6 + -3))*126/3. Calculate the highest common divisor of d and 7.
7
Let t be 20706/15 - (-6)/10. Suppose -8*m + t = -1563. Calculate the highest common divisor of m and 8.
8
Let r be (12/(-18) + 1)/(4/48). Suppose -r*p = 4*s - 464, -2*p - 250 = -2*s - 38. Calculate the highest common factor of s and 185.
37
Let t be (-4)/(-6)*105/10. Let v(w) = -45 + 9 + 4*w + 6 + 10. Let p be v(t). Calculate the greatest common factor of p and 8.
8
Suppose 50*y - 36403 - 372497 = 0. What is the greatest common factor of 348 and y?
174
Suppose 239*w = 268*w - 638. What is the greatest common divisor of 6028 and w?
22
Suppose 5*y - 67 = 2*y + 5*d, -4*d = 8. Suppose 4*r = -2*i - 10, r = 31*i - 26*i - y. Calculate the greatest common factor of 5 and i.
1
Let g = 46025 - 27146. What is the highest common divisor of 31 and g?
31
Suppose 8*u + 20 = -5*a + 3*u, 0 = -3*a - 5*u - 12. Let q be 39/(a/40*-6). Calculate the greatest common factor of 91 and q.
13
Let o(z) be the first derivative of -7*z**2/2 - 16*z + 8. Let j be o(-6). Let w be 26*((-2)/7 + 117/42). Calculate the greate